
205
What is the greatest common factor of 85968 and 648?
216
Calculate the highest common divisor of 229417 and 1149.
383
What is the highest common factor of 2459815 and 86?
43
Calculate the highest common divisor of 112 and 955528.
56
What is the greatest common divisor of 5 and 3384?
1
Calculate the highest common divisor of 1862 and 34.
2
What is the greatest common factor of 39 and 1820481?
39
What is the highest common factor of 60 and 150095?
5
Calculate the greatest common factor of 1390 and 240.
10
Calculate the greatest common divisor of 368 and 19826.
46
Calculate the greatest common factor of 4121 and 14899.
317
What is the greatest common divisor of 6061 and 256795?
319
What is the greatest common divisor of 408 and 16014?
102
What is the highest common factor of 13068 and 108?
108
What is the highest common factor of 216 and 29268?
108
Calculate the highest common divisor of 580 and 5420.
20
What is the highest common divisor of 18151672 and 308?
308
Calculate the greatest common divisor of 4110 and 8181640.
1370
Calculate the highest common divisor of 55 and 56065.
5
Calculate the highest common divisor of 117 and 55302.
39
What is the greatest common divisor of 99499 and 148567?
1363
What is the highest common factor of 2569 and 6503?
7
Calculate the greatest common factor of 3564 and 2493018.
1782
Calculate the greatest common factor of 150354 and 126.
18
What is the highest common factor of 226 and 558559?
113
Calculate the greatest common divisor of 365760 and 47625.
1905
Calculate the highest common divisor of 462944 and 713.
23
Calculate the highest common factor of 1046044 and 272.
68
Calculate the greatest common divisor of 1456200 and 675.
225
What is the greatest common factor of 74230 and 2080?
130
Calculate the highest common factor of 224 and 313376.
224
What is the highest common divisor of 207 and 51405?
69
Calculate the highest common factor of 12488 and 1078.
14
Calculate the greatest common divisor of 3160556 and 21.
7
Calculate the greatest common factor of 5700 and 1125.
75
What is the greatest common factor of 70744 and 15774?
478
What is the greatest common divisor of 1704 and 72?
24
What is the greatest common divisor of 68 and 1312?
4
Calculate the greatest common divisor of 255 and 6069.
51
Calculate the highest common factor of 767 and 97645.
59
What is the highest common factor of 66 and 34309?
11
What is the greatest common factor of 1287658 and 29?
29
What is the highest common divisor of 99 and 1376199?
99
What is the greatest common divisor of 6774327 and 1022?
511
Calculate the greatest common factor of 544 and 56933.
17
What is the greatest common factor of 780900 and 285?
285
What is the greatest common divisor of 1221135 and 75?
15
Calculate the greatest common factor of 1184 and 6179.
37
What is the highest common divisor of 69 and 2826930?
69
Calculate the highest common divisor of 5 and 1255.
5
What is the greatest common divisor of 44 and 13431?
11
Calculate the highest common factor of 2091 and 13.
1
Calculate the greatest common divisor of 2014560 and 360.
360
What is the greatest common factor of 146189 and 1917?
71
Calculate the highest common divisor of 9256750 and 607.
607
What is the highest common divisor of 25954 and 323?
19
Calculate the greatest common factor of 24 and 2339112.
24
Calculate the greatest common factor of 1647 and 216.
27
Calculate the highest common divisor of 944 and 4240.
16
What is the greatest common divisor of 79094 and 1671?
557
What is the greatest common factor of 799 and 289?
17
Calculate the highest common factor of 104 and 2662660.
52
Calculate the highest common factor of 142555 and 5.
5
Calculate the highest common divisor of 559 and 2021.
43
Calculate the greatest common factor of 762103 and 118.
59
Calculate the greatest common divisor of 4572 and 20.
4
Calculate the highest common factor of 3642 and 684.
6
What is the highest common divisor of 271419 and 3?
3
Calculate the highest common factor of 15 and 206835.
15
What is the greatest common factor of 806 and 97578?
26
Calculate the greatest common factor of 2236 and 44.
4
What is the highest common divisor of 2005 and 150?
5
Calculate the highest common factor of 22 and 44957.
11
Calculate the greatest common factor of 18837 and 7.
7
Calculate the greatest common divisor of 16992 and 348808.
472
What is the greatest common factor of 7344 and 2652?
204
What is the highest common factor of 165 and 33517?
11
Calculate the greatest common factor of 82445 and 110.
55
What is the greatest common divisor of 1677968 and 1496?
136
Calculate the highest common factor of 30 and 634.
2
Calculate the highest common divisor of 12542 and 22.
2
Calculate the highest common divisor of 3366 and 2826.
18
What is the highest common divisor of 26063 and 469?
67
Calculate the greatest common factor of 11144 and 2520.
56
What is the greatest common divisor of 106 and 533975?
53
Calculate the highest common factor of 323598 and 99.
33
Calculate the greatest common divisor of 182014 and 168.
14
What is the greatest common divisor of 79830 and 20?
10
Calculate the greatest common factor of 194919 and 24639.
129
Calculate the highest common factor of 1092 and 1883700.
1092
Calculate the greatest common divisor of 11774 and 196.
14
What is the highest common divisor of 1139 and 5293?
67
Calculate the highest common factor of 30 and 47880.
30
Calculate the highest common divisor of 305 and 5978.
61
What is the highest common factor of 203 and 2726?
29
Calculate the greatest common divisor of 1065 and 22125.
15
What is the highest common factor of 209 and 93456?
11
Calculate the greatest common divisor of 644 and 57155.
161
Calculate the highest common divisor of 3941161 and 17.
17
Calculate the highest common factor of 22 and 3538.
2
What is the greatest common factor of 90 and 11985?
15
Calculate the greatest common factor of 1628562 and 312.
78
Calculate the greatest common divisor of 2387976 and 1314.
438
Calculate the greatest common divisor of 2714 and 14720.
46
Calculate the highest common divisor of 86 and 760799.
43
What is the greatest common factor of 22148 and 196?
196
Calculate the greatest common factor of 7155 and 3375.
135
What is the highest common divisor of 7 and 338177?
7
What is the greatest common factor of 24 and 506136?
24
What is the greatest common factor of 858 and 3354?
78
What is the highest common divisor of 616 and 61292?
308
What is the highest common divisor of 1173 and 831726?
69
What is the highest common divisor of 286 and 3926?
26
Calculate the greatest common divisor of 1564 and 9418.
34
What is the highest common factor of 1968 and 515247?
123
What is the highest common divisor of 28139 and 209?
19
Calculate the highest common factor of 55 and 22435.
5
Calculate the highest common factor of 621 and 37973.
23
Calculate the greatest common factor of 19600 and 7200.
400
What is the greatest common divisor of 176545 and 935?
85
Calculate the greatest common divisor of 319432 and 8.
8
What is the greatest common divisor of 583100 and 680?
340
What is the greatest common divisor of 93656 and 76544?
184
What is the highest common factor of 7296 and 4124672?
2432
Calculate the highest common factor of 475463 and 53.
53
What is the greatest common divisor of 21421 and 155?
31
What is the greatest common factor of 1794 and 2782?
26
Calculate the greatest common factor of 170775 and 2001.
69
What is the highest common divisor of 20 and 314440?
20
What is the highest common factor of 9088 and 9301?
71
Calculate the greatest common factor of 190 and 4580.
10
What is the greatest common factor of 205575 and 75?
75
What is the greatest common divisor of 244776 and 56?
56
What is the highest common divisor of 456 and 76344?
24
What is the highest common divisor of 239 and 402715?
239
What is the greatest common factor of 1150912 and 3584?
448
What is the greatest common factor of 216 and 63774?
54
Calculate the highest common factor of 3336 and 552.
24
Calculate the greatest common factor of 32308 and 2296.
164
Calculate the greatest common factor of 66112 and 1472.
64
Calculate the greatest common factor of 54 and 463158.
54
Calculate the greatest common factor of 86 and 1705079.
43
What is the h